e highest common divisor of 29 and f.
29
Suppose 458*p + 451 = 469*p. Calculate the greatest common divisor of p and 3.
1
Let d(m) = 5*m**2 - 1. Let a be d(-1). Let q = 211 - 128. Suppose -a*b - 7 = -q. What is the greatest common divisor of 38 and b?
19
Suppose 3*t = -4*j - 0*t + 102, 27 = j + t. Let r = 138 + -96. What is the highest common divisor of r and j?
21
Suppose -13*q + 97 = 6. Calculate the greatest common factor of 1 and q.
1
Suppose -3*b + 126 = 5*a, -2*b + b - a + 42 = 0. Let n = -34 + b. Let m = 20 + -16. Calculate the highest common factor of n and m.
4
Suppose 8*o = -180 + 500. What is the highest common factor of 320 and o?
40
Suppose -4*q + 2*w + 94 = 0, 9*w - 8*w = q - 23. Calculate the highest common factor of 32 and q.
8
Let g = 43 - 129. Let o = g + 134. Let a be 16/(-3)*(-2 - 1). What is the highest common divisor of o and a?
16
Suppose 2*i + 2 = 22. Let y be (-389)/(-5) + 2/i. What is the greatest common factor of 52 and y?
26
Suppose -3*t + 74 = 4*n - t, -3*t + 69 = 4*n. Let h = -9 + n. What is the highest common divisor of h and 30?
6
Suppose 2*r - 3*r + 17 = 0. Let x = 104 - 53. Let d be ((-12)/45*x)/(4/(-10)). What is the greatest common divisor of d and r?
17
Suppose 3*s = 2*s + 60. Suppose 2*x - s = -3*x. Let d(l) = -l - 3. Let y be d(-6). Calculate the greatest common factor of y and x.
3
Suppose -2*q - 3*x = -10, -20 = -14*q + 10*q - 4*x. Calculate the highest common factor of q and 195.
5
Suppose -3*u = 2*k - 31, u + 18 = k + 4*k. Let v = 0 - -2. Suppose 0 = v*f - 5*l + 8, 4*f - 2*l = -6*l + 12. What is the greatest common divisor of u and f?
1
Suppose 0*b + 2*b + 5*a + 21 = 0, -2*a = 10. Suppose 3*n - 5*o - 22 = b*n, n = o + 14. Calculate the greatest common divisor of 108 and n.
12
Suppose -4*m - 91*b + 80 = -90*b, -5*b = 0. What is the highest common factor of m and 350?
10
Let l = -82 + 94. Calculate the highest common divisor of 144 and l.
12
Suppose -3*l = -5*y - 391, 0*y = -y + 1. Let s = l - 111. Calculate the greatest common factor of 21 and s.
21
Suppose h - 5*h - 60 = 0. Let w be (-192)/(-5) - (-6)/h. Suppose 4*p = -z + 41, -2*z = z + p - 167. Calculate the highest common divisor of w and z.
19
Suppose 3*s = 66 - 60. Suppose -s*i + 12 = 2*h, 16 = h - i - 0*i. Calculate the highest common factor of h and 66.
11
Let b be -4 + (1 - (-9 - -2)). Let f be b + (0 - (1 + 3)). Suppose 2*j = -5*d + 38, 3*j + 4*d + d - 52 = f. Calculate the greatest common divisor of j and 2.
2
Let t be 6/7*32*7. Let b(c) = 3*c - 12. Let k be b(8). What is the highest common divisor of t and k?
12
Let l = 17 + -17. Suppose l*h = h - 2*d, 5 = 3*h - d. Suppose -4*n - 2*m + 278 = 0, -h*n - 3*n + m + 351 = 0. What is the highest common divisor of n and 28?
14
Let g(p) = 2*p**2 + 7*p - 18. Let a be g(-9). Let y = a - 51. What is the greatest common factor of 45 and y?
15
Let y be 12 + 1*3/1. Let l be 176 - (-4)/(-12)*y. What is the greatest common factor of 19 and l?
19
Let s be (-1 + 2)/((-14)/(-126)). Calculate the greatest common divisor of 333 and s.
9
Let i be (-12)/14*(-14)/4. Suppose 5*t - i*t = -16. Let l = 25 + t. Calculate the highest common factor of 17 and l.
17
Let s be 12*(3 + (-11)/(-2)). Suppose 6 = -3*b + s. Suppose -5*z = -b - 13. Calculate the highest common divisor of 3 and z.
3
Suppose 0 = 41*w - 39*w - 6. Suppose -w*f + 95 = 2*f. Suppose -j + 152 = 3*j. Calculate the greatest common factor of f and j.
19
Let q(y) = y**3 + 8*y**2 - 11*y + 2. Let d be q(-4). Calculate the highest common divisor of 70 and d.
10
Let v = 50 - -22. Calculate the highest common factor of v and 24.
24
Let f be ((-705)/564)/((-1)/48). Calculate the greatest common divisor of 9 and f.
3
Let u(w) = -58*w**3 - 2*w**2 - 9*w - 8. Let f be u(-1). Calculate the greatest common divisor of f and 1.
1
Suppose 5*y - 1004 = -904. Calculate the greatest common factor of y and 460.
20
Suppose 5*m - 230 = 3*s, 2*s - s = -5*m + 250. Suppose -56 = -5*n - 481. Let y = -78 - n. Calculate the greatest common factor of y and m.
7
Let g = 930 + -610. Calculate the greatest common divisor of g and 192.
64
Let k(v) be the second derivative of v**5/20 - v**4/6 + v**3/3 - 5*v**2/2 + 18*v. Let s be k(4). Calculate the greatest common factor of 105 and s.
35
Let m(y) = 2*y - 22. Let a be m(8). Let n be (-1)/a - (-161)/42. Let h(t) = t**3 - 3*t**2 + 4. Let s be h(n). Calculate the highest common divisor of 4 and s.
4
Suppose f + 5*a + 26 = 0, 0 = 3*f - a - a - 7. Let n be f*6*(-2)/3. What is the highest common divisor of n and 10?
2
Suppose 8*u - 30 - 18 = 0. Suppose 0 = -u*g + 126 - 18. What is the highest common divisor of g and 18?
18
Suppose 40 = t - 0*t. Let x = 4 + t. What is the greatest common divisor of x and 110?
22
Let q be 326/9 + 2/(-9). Let c = q + -35. What is the highest common factor of 1 and c?
1
Let j(f) = f. Let q be j(6). Let z be 2442/555 - (8/10)/2. What is the greatest common factor of q and z?
2
Let n = 168 - -856. Calculate the highest common divisor of 32 and n.
32
Let h(n) = 2*n**3 - 3*n - 3. Let g be h(3). What is the greatest common factor of 294 and g?
42
Suppose 4*f = -f, -5*g = -f - 70. Let v = g - -18. Let t = v + 80. Calculate the highest common factor of t and 14.
14
Let w = 118 - 54. Suppose 0 = -5*t - s - 0*s + w, -5*t = -5*s - 40. Suppose -3*x + 5*x = t. What is the greatest common factor of 36 and x?
6
Let g(b) be the first derivative of 9*b**2 + 5. Let d be g(-2). Let r be (d/(-21))/(8/140). What is the highest common factor of r and 6?
6
Suppose 0 = -u + 32 + 4. Let p(a) = a**3 - 8*a**2 + 3*a - 12. Let c be p(8). What is the greatest common divisor of u and c?
12
Suppose 3*c + 12 + 6 = 0. Let h be c/2 - (4 + 31/(-1)). Calculate the greatest common divisor of h and 36.
12
Suppose -17*m + 1288 = 6*m. Calculate the highest common divisor of 308 and m.
28
Let h(s) = -8*s + 364. Let c be h(29). Calculate the highest common factor of c and 44.
44
Let l(v) = -v**3 + 3*v**2 + 11*v + 3. Let r be l(5). Let s be 4 + (78 - (r + -4)). What is the highest common factor of 26 and s?
26
Suppose -4*z = -2*h + 88, 2*h = -3*h - 4*z + 164. Let b be 7/((-14)/(-8)) + 20/4. Calculate the greatest common factor of h and b.
9
Let x = 8939 + -8935. Suppose 0*c - 2*c + 210 = 0. Let b = 149 - c. Calculate the greatest common divisor of x and b.
4
Let c(n) = -7*n - 1. Let f be c(-7). Calculate the greatest common factor of 32 and f.
16
Let a be ((-128)/(-10))/((-3)/(-15)). Let o = 29 + -20. Suppose -o = -r - 1. Calculate the greatest common divisor of r and a.
8
Suppose 4*w + 24 = 4*s, -3*s - 2*s = 5*w. Let i be (1 - s/2)/((-12)/3024). What is the greatest common factor of 18 and i?
18
Let a(v) = 2*v + 30. Let m be a(-14). Suppose 8 = 4*j, -m*n - j = -7*n + 88. Calculate the highest common factor of 18 and n.
18
Suppose 5*l - 585 = -4*y + 6292, 5*l = -3*y + 6879. Calculate the highest common divisor of 17 and l.
17
Let g = 20 + -26. Let p = g - -11. Suppose 5*c - 17 = -4*v + 130, 4*c + p*v = 123. What is the highest common factor of 27 and c?
27
Let w be ((-5)/(-15))/((-3)/(-171)). Let q(n) = 21*n - 21. Let k be q(w). Calculate the highest common factor of 42 and k.
42
Let w be (-10)/(-55) - (-31)/11. Suppose -w*v + 3 = -3. Suppose -3*m = -6*m - 4*f + 25, 17 = 3*m + v*f. Calculate the greatest common factor of 3 and m.
3
Suppose h + 348 = 5*t, -1 = -3*h + 5. Calculate the greatest common factor of 80 and t.
10
Suppose 41 + 31 = 2*v. Suppose -3*l + 61 = -3*t - 2*t, l - 4*t - 32 = 0. Calculate the highest common factor of l and v.
12
Suppose 49*l + 755 = -666. Let p be 2/(0 - 2/11). Let t = p - l. Calculate the highest common divisor of 9 and t.
9
Let x be (-308)/(-12) - (-2)/6. Let s = x + -11. Suppose 0 = 3*a - 81 + s. What is the greatest common factor of 2 and a?
2
Let o(a) = -a**3 + 14*a**2 - 19*a + 93. Let d be o(13). Let z = 6 + 4. Calculate the greatest common factor of z and d.
5
Let b be (-8)/6*((-47)/2 - -4). What is the greatest common divisor of b and 169?
13
Let j be (-87)/(((-15)/3)/5). Let w = j - 61. What is the greatest common factor of w and 65?
13
Suppose -25 = -p + 46. Let j be p + 4 + (4 - 7). Calculate the highest common factor of 9 and j.
9
Let i = 400 - 359. What is the greatest common factor of 697 and i?
41
Let s(h) = h*